of 9384 and 231640?
8
Calculate the greatest common factor of 9 and 26111.
1
What is the greatest common divisor of 91 and 914004?
91
What is the greatest common divisor of 21260586 and 62934?
3702
Calculate the highest common factor of 1707 and 46223853.
1707
What is the highest common divisor of 3112 and 3449263?
389
Calculate the greatest common divisor of 553 and 500616838.
79
What is the greatest common divisor of 21 and 231849072?
21
Calculate the highest common divisor of 12165 and 136445073.
2433
Calculate the highest common divisor of 816256 and 3904.
64
Calculate the highest common factor of 80 and 78253456.
16
Calculate the highest common factor of 11687 and 24534.
29
What is the highest common divisor of 21605 and 1589830?
745
What is the highest common divisor of 75086 and 7942?
22
Calculate the greatest common divisor of 69124 and 2797951.
1571
What is the highest common factor of 119090610 and 153?
153
What is the highest common divisor of 5880 and 66701936?
392
Calculate the greatest common factor of 345728 and 1813.
37
What is the greatest common divisor of 4646 and 815281?
23
What is the highest common divisor of 578 and 112303?
1
What is the highest common divisor of 16562 and 5082?
14
What is the greatest common factor of 32928885 and 396?
99
What is the highest common divisor of 105152660 and 26300?
5260
What is the greatest common divisor of 15752219 and 749?
749
Calculate the highest common divisor of 96938 and 422.
2
Calculate the highest common divisor of 94169989 and 82.
41
Calculate the greatest common factor of 8385 and 22269.
39
Calculate the greatest common factor of 21352 and 18596336.
1256
What is the highest common divisor of 78892 and 25894?
242
Calculate the highest common factor of 348365885 and 35.
35
What is the greatest common divisor of 1602 and 377936898?
534
What is the highest common divisor of 759434264 and 30496?
7624
What is the highest common factor of 44 and 82960?
4
What is the highest common factor of 2242 and 11642592?
38
What is the greatest common factor of 5564076 and 168?
84
Calculate the highest common factor of 206862 and 9637.
23
What is the greatest common factor of 48335 and 12941351?
1381
What is the highest common divisor of 64255198 and 98?
14
Calculate the highest common divisor of 867792 and 5959.
101
Calculate the greatest common factor of 238500 and 8586.
954
What is the highest common divisor of 29468335 and 1331615?
10165
Calculate the greatest common divisor of 189670858 and 26.
26
What is the highest common factor of 806623 and 77179?
683
Calculate the greatest common divisor of 16 and 1358808.
8
Calculate the greatest common factor of 3103 and 2268079.
107
Calculate the highest common divisor of 2118 and 46554.
6
Calculate the highest common factor of 1050305 and 34365.
395
Calculate the highest common divisor of 10514 and 28683694.
1502
What is the highest common divisor of 1208336 and 51616?
16
Calculate the highest common factor of 30515 and 201977.
17
Calculate the greatest common factor of 900816717 and 3279.
3279
What is the greatest common factor of 120050 and 19950?
350
What is the greatest common divisor of 54291050 and 242?
22
What is the highest common divisor of 50 and 348371025?
25
Calculate the greatest common divisor of 61653672 and 216.
72
What is the highest common factor of 6552 and 166687248?
2184
What is the greatest common divisor of 7916064 and 390624?
1248
What is the greatest common factor of 3959402 and 918?
34
Calculate the highest common factor of 9147 and 124228456.
3049
What is the greatest common factor of 323728 and 85664?
16
Calculate the greatest common divisor of 1721 and 704338181.
1721
Calculate the highest common factor of 4515287 and 7.
7
What is the highest common divisor of 15 and 12256131?
3
What is the greatest common divisor of 1364004866 and 14?
14
Calculate the greatest common divisor of 504147633 and 132.
33
What is the highest common factor of 15806162 and 2840?
142
What is the greatest common factor of 25591 and 5327655?
163
What is the greatest common divisor of 185459024 and 64?
16
What is the highest common factor of 19710 and 61257366?
1314
What is the highest common divisor of 224466 and 2807706?
1254
What is the greatest common factor of 35 and 4513152?
7
Calculate the highest common factor of 22475 and 193006.
31
What is the highest common factor of 1218472 and 112392?
1784
Calculate the greatest common divisor of 13221391 and 97.
97
Calculate the greatest common divisor of 3477062 and 1552.
194
What is the highest common factor of 1658064 and 1014?
6
What is the greatest common divisor of 135161026 and 2534?
2534
What is the highest common factor of 48520 and 13220?
20
Calculate the highest common divisor of 192872540 and 105.
35
What is the highest common factor of 308817806 and 66?
22
What is the greatest common factor of 16092 and 201744?
108
What is the highest common divisor of 6576 and 587744?
16
What is the highest common divisor of 1710 and 416050?
10
What is the greatest common factor of 24 and 65550960?
24
What is the greatest common factor of 6778770 and 60?
30
What is the greatest common divisor of 30495475 and 4142?
2071
Calculate the greatest common factor of 69875 and 50691625.
5375
Calculate the highest common factor of 98992 and 40756.
92
What is the greatest common divisor of 7712 and 1402138?
482
Calculate the greatest common divisor of 31697928 and 1020.
204
Calculate the greatest common factor of 414 and 208094202.
414
Calculate the greatest common divisor of 14966681 and 31283.
4469
Calculate the highest common factor of 3262 and 17577287.
1631
What is the highest common factor of 48946335 and 75?
15
What is the highest common divisor of 11043 and 6707745?
27
What is the highest common factor of 7952564 and 152?
76
Calculate the greatest common divisor of 50375150 and 175.
175
Calculate the highest common divisor of 8 and 108783376.
8
Calculate the highest common factor of 311356 and 972.
4
What is the greatest common divisor of 19647 and 223551?
531
What is the highest common factor of 33216 and 3273792?
192
What is the greatest common factor of 19804999 and 137953?
1943
What is the highest common divisor of 56576 and 525538?
442
Calculate the greatest common factor of 176414202 and 513.
171
What is the greatest common divisor of 54917252 and 1417?
1417
Calculate the highest common factor of 63206 and 9447614.
374
Calculate the highest common divisor of 1129 and 37052651.
1129
Calculate the greatest common divisor of 2560 and 1779680.
160
Calculate the highest common divisor of 408 and 20004597.
51
What is the greatest common factor of 267887113 and 7702?
3851
Calculate the highest common divisor of 802 and 343657.
401
Calculate the highest common divisor of 602939 and 425.
17
What is the greatest common factor of 137015 and 445?
5
What is the highest common factor of 132 and 100895784?
132
Calculate the greatest common factor of 9495282 and 2550.
102
What is the greatest common divisor of 4216748 and 187?
17
Calculate the greatest common divisor of 945713 and 29.
1
What is the highest common divisor of 4461 and 588365751?
4461
What is the highest common factor of 15682641 and 8488?
1061
Calculate the greatest common divisor of 1065 and 1021794015.
1065
What is the greatest common factor of 1954640 and 220?
20
Calculate the highest common divisor of 70 and 140749090.
10
What is the greatest common divisor of 714785303 and 1289?
1289
Calculate the highest common divisor of 8644 and 10163183.
2161
What is the highest common factor of 3790 and 385064?
758
What is the greatest common divisor of 64678 and 38836?
146
Calculate the highest common divisor of 95922 and 691164.
1314
Calculate the greatest common factor of 554245959 and 834.
417
What is the greatest common divisor of 123654279 and 322?
161
Calculate the highest common divisor of 198 and 7666659.
99
What is the highest common divisor of 2838213 and 7371?
189
What is the highest common divisor of 1330 and 2234780?
190
Calculate the greatest common factor of 1516 and 35968237.
379
What is the greatest common factor of 2917 and 3099373757?
2917
What is the greatest common divisor of 270 and 701760?
30
What is the highest common factor of 